e highest common divisor of 7 and w?
7
Suppose -5*n = -4*c + 980, -n = 2*c + 29 - 519. What is the greatest common factor of 35 and c?
35
Suppose 29 = 5*u + 4*k - 5*k, u = -2*k + 8. Calculate the greatest common factor of u and 798.
6
Suppose 0 = 4*y - 2*m - 178, 2*y = -4*m + 2*m + 92. Let u(z) = -3*z - z + 6 + z + 2*z. Let r be u(-9). What is the greatest common factor of r and y?
15
Let x be 35 - (2 - 1)*1. Suppose 4*i + 3*r = -i + 10, 0 = i + r - 2. Suppose i*u + 51 = 3*p, -p - p = 3*u - 34. What is the highest common divisor of x and p?
17
Let l(w) = 8*w - 1. Let p be l(3). Calculate the highest common factor of 161 and p.
23
Suppose 9*m + 19 - 46 = 0. Suppose 4*k + 3*y - m - 19 = 0, k - 6 = -y. Let n be 140/(-8)*k/(-7). Calculate the greatest common factor of n and 4.
2
Let t be (-14 - 28)/(1/(-7)). Suppose 3*s - t = -0*s. Let x(y) = 13*y**2 + 1. Let n be x(1). Calculate the highest common divisor of n and s.
14
Suppose 0 = 7*q - 24 - 18. Suppose 0 = t - q. What is the greatest common divisor of t and 48?
6
Suppose -p + 1 = -3*i, 3*p + 0*p - 17 = 2*i. Let b = -277 + 291. What is the greatest common factor of p and b?
7
Let u(t) = -110*t**3 + 2*t**2 - 1. Let l be u(-1). Suppose 2*y = 5*z - l, 3*z + 9 - 60 = -4*y. What is the greatest common divisor of 3 and z?
3
Let z = 444 - 240. Calculate the greatest common divisor of 24 and z.
12
Let a be (-24)/(-16)*(-2)/(-3). Let c be 8 + (4/(-4))/a. Suppose -28 = 2*m - 6*m. Calculate the highest common factor of c and m.
7
Let v(p) = -p**3 + 9*p**2 - 6*p + 17. Let a be v(8). Let b(n) = n + 29. Let r be b(-7). Calculate the greatest common factor of r and a.
11
Suppose -73 - 37 = -5*d. Suppose -s - q + 11 - 4 = 0, -15 = -5*s - q. Suppose -6*y = -s*y + 16, 0 = l + 5*y - 24. What is the greatest common factor of d and l?
22
Let d = -8 - -12. Suppose 0 = d*f - 6*f - 18. Let g be (12/1)/(f/(-12)). Calculate the highest common divisor of g and 32.
16
Suppose -2*i = 10, 3*l - 55 = -2*i + 7*i. Suppose -v = 10*v - 110. What is the greatest common divisor of v and l?
10
Suppose 0 = g - 4*g - 495. Let q = g - -395. Suppose -t - q = -3*t. Calculate the highest common factor of 46 and t.
23
Let z be (2 - 17)*(-6)/18. Suppose z*k = 0, -336 = -2*a - 0*a + 2*k. What is the greatest common divisor of 24 and a?
24
Let g = -8 + 56. Suppose -2*b + 404 = 164. Calculate the greatest common divisor of b and g.
24
Let k be 42/(-63) + (23/3 - 1). Suppose -4*c = -4*t - 96, -4*t + k*t + 73 = 3*c. What is the highest common factor of c and 200?
25
Let s = 429 + -352. What is the greatest common divisor of s and 11?
11
Let h be 127 + (70/175)/(1/(-15)). What is the greatest common divisor of h and 55?
11
Let f(b) = 157*b + 48. Let d be f(1). What is the highest common divisor of 164 and d?
41
Let o = 90 + -78. What is the highest common divisor of o and 6?
6
Let c(v) be the third derivative of 8*v**2 + 1/6*v**3 + 0*v + 11/12*v**4 + 0. Let s be c(2). Calculate the greatest common divisor of s and 15.
15
Let t be (189/2)/(2/4). What is the greatest common factor of t and 21?
21
Suppose -11*f + 313 + 171 = 0. Calculate the greatest common divisor of f and 231.
11
Suppose 42*d - 1080 = 33*d. What is the greatest common factor of d and 36?
12
Let a(t) = 21*t**2 + 6*t + 6. Let l be a(3). What is the greatest common factor of l and 284?
71
Let o be (-3)/8 - 10140/96. Let w = o + 183. What is the highest common factor of w and 22?
11
Suppose -5043 + 24393 = 5*x. Calculate the greatest common factor of 90 and x.
90
Suppose b - 11 - 19 = 0. Let t = b - 24. What is the greatest common factor of 42 and t?
6
Let b be (8/(-36))/((-1)/((-18)/(-2))). Suppose b*d + 77 = 3*h, 2*h + 4*d - 89 = -h. What is the highest common factor of h and 18?
9
Suppose -25 = -2*k - 3. Calculate the greatest common divisor of k and 88.
11
Suppose k + n + 408 = 3*k, -5*k + n + 1014 = 0. Let s be (4 + -3)/(3 + k/(-68)). Calculate the highest common factor of s and 85.
17
Let y be -3 - (-101)/2*-2*-1. Suppose -w + 13 = m, -22 = -4*m - w + 39. Let j = -2 + m. What is the greatest common factor of j and y?
14
Let z(j) = -219*j**3 - 3*j - 2. Let i be z(-1). Suppose u = -4*u + i. Let o = -32 + u. What is the greatest common divisor of 48 and o?
12
Let b = -358 + 390. What is the highest common divisor of b and 1376?
32
Let b = 351 - 206. Suppose 170 = 5*m - b. Calculate the greatest common factor of 9 and m.
9
Suppose 2 = n + 1, 4*v = -n + 277. What is the greatest common factor of v and 276?
69
Suppose -s + 0*s - 11 = 5*w, 0 = -s - 4*w - 8. Let j = -21 - -29. What is the greatest common factor of j and s?
4
Let b = 19 + -47. Let g = -8 - b. Let v(s) = 56*s - 4. Let l be v(4). Calculate the highest common factor of l and g.
20
Let f be ((-63)/(-14))/((-39)/(-18) + -2). What is the highest common factor of 792 and f?
9
Suppose 0*l = 4*g + 3*l + 29, -36 = 4*g - 4*l. Let n = g - -1. Let a(q) = -3*q - 6. Let i be a(n). Calculate the highest common factor of 75 and i.
15
Let o be 1/(-3)*(-15 - -9). Suppose -o + 20 = 3*c. Calculate the greatest common divisor of c and 30.
6
Suppose -43 = 4*b + 401. Let m be ((-4)/(-6))/((-2)/b). What is the greatest common factor of m and 259?
37
Let v(b) be the third derivative of b**6/120 - b**5/20 + b**4/24 + 2*b**3 - 2*b**2 + 18. Let j be v(4). Calculate the highest common divisor of j and 40.
8
Suppose 4*h - d = -386, -2*d + 400 = -4*h + 16. Let n = h + 185. What is the greatest common divisor of n and 22?
22
Let m(s) = 18*s + 109. Let o be m(-5). What is the highest common divisor of 1957 and o?
19
Let p be (-100)/((-12)/9*6/4). Let b(g) = -g**3 + 5*g**2 + 7*g + 4. Let v be b(6). Calculate the greatest common factor of p and v.
10
Suppose -31*k + 230 = -173. Suppose -2*f = -3*a + f + 12, 3*f = -2*a - 7. Calculate the greatest common factor of k and a.
1
Suppose -7*k + 310 = -9*k. Let a = 254 + k. Calculate the highest common factor of a and 9.
9
Suppose -3*a - 24 = -3*z, z - 2*a + 26 = 5*z. Let b be 210/175*(63/2 + 1). Let h be 6/15*(-4 + b). Calculate the greatest common divisor of z and h.
7
Let q(z) = -z**3 + 7*z**2 + 3*z - 7. Let g be q(7). Let j = g - 2. What is the highest common divisor of j and 132?
12
Let b be ((-8)/(-6))/((-4)/126). Let u be b/(((-27)/(-6))/(-3)). What is the greatest common factor of 4 and u?
4
Suppose 3*c - 3*n = 3*n + 102, 0 = -4*c + 4*n + 156. Let s be (-1980)/(-2)*(-4)/(-10). Calculate the highest common divisor of c and s.
44
Suppose -56*f + 38*f = -504. Calculate the highest common divisor of f and 238.
14
Let v = 414 + -387. What is the greatest common factor of v and 18?
9
Let p(c) = -25*c - 14. Let w be p(-16). Suppose 2*v - u = 258, -2*v - w = -5*v + u. What is the greatest common divisor of 32 and v?
32
Suppose 3*j - 8*a - 62 = -3*a, -5*j + a + 96 = 0. What is the greatest common divisor of j and 1121?
19
Let i(l) = 57*l - 86. Let a be i(2). Calculate the greatest common factor of 105 and a.
7
Suppose -5*y + 589 + 391 = 0. Let c = y - 132. Suppose -3*h + c = -h. Calculate the greatest common divisor of 8 and h.
8
Suppose 0 = -2*j - 113*w + 110*w + 162, -4*j + 4*w + 284 = 0. Let g be (-28)/(-12) + (-4)/(-6). What is the highest common divisor of g and j?
3
Suppose -2*m + 9*p + 172 = 7*p, 3*m = -3*p + 246. What is the greatest common divisor of 180 and m?
12
Suppose -69 = -o - 0*o + 2*p, 0 = 3*o + 2*p - 239. Let d(k) = -2*k**3 + 17*k**2 - 5*k - 2. Let h be d(8). What is the greatest common divisor of h and o?
11
Let n = 107 + -80. What is the highest common factor of n and 45?
9
Let v = -45 - -51. What is the highest common factor of 28 and v?
2
Suppose 10 = 4*g + 26. Let b = -14 + g. Let h be (-1205)/(-30) + 3/b. Calculate the highest common divisor of h and 8.
8
Let d(b) = -15*b - 44. Let j be 5 - 2/((-6)/(-51)). Let z be d(j). Calculate the greatest common factor of z and 17.
17
Let m = 31 - 36. Let l(n) = -3*n + 10. Let u be l(m). Calculate the highest common factor of 75 and u.
25
Let r = -3618 + 3871. Let y = 27 - 4. Calculate the highest common divisor of y and r.
23
Let j(z) = 28*z + 279. Let n be j(-9). What is the greatest common factor of n and 1674?
27
Suppose 25*q - 28 = 21*q. Suppose 2*s - 15 = q*s, -3*v = -2*s - 18. Calculate the highest common factor of 10 and v.
2
Let m(i) = -i*